Give q(p).
5
Let y = -24 + 19. Let p be 0/(-1 - (-4 - y)). Let n(g) = g + 12. Calculate n(p).
12
Let t(h) = 2*h - 7. Let s(a) = -4*a - 6. Let m(q) = q + 9. Let z be m(-7). Suppose -4*o - 10 = z. Let v be s(o). What is t(v)?
5
Let s(i) be the first derivative of -i**2/2 - 4*i - 96. Let x(w) = 2*w + 1. Let u be x(-2). Determine s(u).
-1
Let s(n) = 20*n - 19. Let a(h) = 31*h - 30. Let v(g) = 5*a(g) - 8*s(g). Determine v(4).
-18
Let j(x) = 2*x + 17. Let v be j(-10). Let w be v/(-3) + -3 + -1 + -2. Let q(z) = -z**3 - 5*z**2 - z + 1. What is q(w)?
6
Let u(v) = 7*v + 3*v - v**3 + 1572*v**2 - 10 - 1566*v**2. Give u(7).
11
Suppose -2*x + 0*x + 4 = 0. Suppose 11 = 2*l - b, -4*l + l - x*b - 1 = 0. Suppose -2*g - i = -l, 2*g - 3*i = g + 12. Let k(r) = 3*r - 2. What is k(g)?
7
Let z(u) be the third derivative of u**4/12 - 4*u**3/3 - u**2. Let l = 15 - 9. What is z(l)?
4
Suppose -7*t = -54 + 12. Let a(j) be the second derivative of 4*j + 1/2*j**4 - 1/20*j**5 - 1/6*j**3 + j**2 + 0. What is a(t)?
-4
Let b be -9*1 + 1 + 3. Let c(d) = -7 + 14*d + 0 + 22*d + d. Let i(v) = -18*v + 3. Let t(x) = b*i(x) - 2*c(x). What is t(1)?
15
Let m be (-76)/240 - (-22)/55. Let z(r) be the second derivative of 1/2*r**3 + m*r**4 - r + 0 - r**2. Calculate z(-4).
2
Let a be (-2)/(-3) + 4/12. Let x(p) = 14*p**2 + 2*p. Let j(f) = 1. Let d(s) = -j(s) + x(s). Calculate d(a).
15
Suppose 5*h - 11 = 14. Suppose -4*z - h*l + 32 = 0, -3 = 3*z - 0*z - 3*l. Let s(c) = -c**2 - c**2 + z*c**2 + 1 - 3*c - 3. Give s(5).
8
Suppose 4*v + 4*l - 27 = -119, -4*v - 5*l - 95 = 0. Let f(h) = h**2 + 22*h + 32. Calculate f(v).
-8
Suppose 2*c + 8 = -4*l, 2*c - 3*l + 8*l + 12 = 0. Suppose 0 - c = -2*o. Let u(f) = 4 - 8*f**3 - 16*f**3 - 4*f**o + 23*f**3. What is u(-4)?
4
Let j(a) = -a**2 + 9*a + 8. Let k(z) = 5*z + 134. Let h be k(-25). Give j(h).
8
Let l = 96 + -92. Suppose -2 = -3*p + p, -1 = -x + l*p. Let j(i) = i**3 - 5*i**2 - 3*i + 6. Calculate j(x).
-9
Let d(f) be the first derivative of 17*f + 23 - 1/2*f**2. Determine d(7).
10
Let h(r) be the third derivative of r**6/720 - r**5/40 - r**4/4 + r**3/6 - 16*r**2. Let z(i) be the second derivative of h(i). Determine z(-5).
-8
Let o(g) = g**2 + 2*g + 7. Let w be 51 + 0*(-3)/(-9) + -1. Let h = -55 + w. Give o(h).
22
Let b(i) = -i**2 - 6*i + 4. Let w(g) = -g**2 + 11*g + 75. Suppose 3*x + 3 = -3*a, -14*x = -17*x - 4*a + 1. Let h be w(x). Give b(h).
9
Let c(w) = 5*w**3 + 8*w**2 + 4*w + 4. Let j(f) = -4*f**3 - 8*f**2 - 5*f - 5. Let z(i) = -3*c(i) - 4*j(i). Determine z(-7).
1
Let v(f) be the first derivative of f**2/2 + 15*f - 303. What is v(-24)?
-9
Let g(i) = -2*i**2 - 3. Let c = -166 - -171. Determine g(c).
-53
Suppose x = 3*x - 4. Suppose 0 = 4*i + l - 4*l - 36, 3*i - 4*l = 34. Suppose -i = y - x*y. Let o(r) = -r**2 + 5*r + 1. What is o(y)?
-5
Let b(t) = -9*t + 10. Let y(s) = -4*s - 9. Let j(p) = p + 2. Let a(d) = -26*j(d) - 6*y(d). Let x(g) = -11*a(g) + 2*b(g). Calculate x(-4).
-18
Let g(k) be the third derivative of k**5/60 - k**4/4 - 2*k**3/3 - k**2. Let n be 2/(3*5/(-30)). Let d be 8*(n - (-38)/8). Determine g(d).
-4
Let c(y) = -7*y + 10. Let t(m) = 3*m - 5. Let j be ((-2)/(-6))/((-3)/45). Let g(r) = j*t(r) - 2*c(r). Let v be g(7). Let i(a) = -2*a. Give i(v).
4
Suppose -4*z + 70 = 2*l, -8 = -5*z - 3. Let q(x) = 14*x + 14*x - l*x. Give q(2).
-10
Let m(p) = -p**2 - p - 1. Let k = 20 + -16. Let a = k + -2. Suppose 3*w + g = -1 - 6, -3*w - 11 = a*g. What is m(w)?
-1
Let g(k) be the first derivative of -k**4/4 - k**3 + k**2/2 - 7*k + 504. What is g(-4)?
5
Let k(y) = -3*y**2 + 1. Suppose -3*d = f, f - 3*f + 2*d = 16. Let j be (f/9)/((-1)/(12/(-8))). Determine k(j).
-2
Suppose -41*i - 39 = -28*i. Let q(w) = w**2 - 11. Calculate q(i).
-2
Let g = -254 + 252. Let q(y) be the second derivative of -y**3/3 + y**2/2 + y. Let h be q(g). Let k(r) = r**2 - 8*r + 7. What is k(h)?
-8
Let w(z) = 2*z + 27. Let t(n) = -6*n - 57. Let r(a) = 2*t(a) + 5*w(a). Calculate r(5).
11
Let m(g) = -2*g - 19. Suppose -4*f + a - 35 = 0, 4*a - 44 = 8*f - 4*f. Give m(f).
-3
Let l(n) = 12*n. Suppose -5*m + 4*q = -11, -5*m + 5*q + 3 = 3*q. Give l(m).
-12
Let m(g) = 6 + 177*g + g**2 - 161*g + 50 - 2. Determine m(-11).
-1
Let b(m) = m + 4. Let d(u) = -u - 3. Let z be d(-7). Suppose -15 = -9*p - 6. Suppose -2*n + p + 1 = 0, -z*i - 2*n = 22. Calculate b(i).
-2
Suppose k - 18 = 4*k. Let j(r) be the first derivative of r**3/3 + 2*r**2 - 82. What is j(k)?
12
Let w(x) = 13*x**2 + 10*x + 52. Let q(c) = -7*c**2 - 4*c - 27. Let a(s) = 11*q(s) + 6*w(s). Give a(-15).
0
Let g(m) be the first derivative of 3*m**3 + 3*m**2 + 5*m - 356. Calculate g(-2).
29
Let v = 19 - 15. Suppose -v*d = k + 6, 0 = k - 4*k - 3*d - 18. Let l(x) = -3 - 4 + 2 - 2*x + x. Determine l(k).
1
Let u(k) = -k**3 - k**2 + k. Suppose -1 = 2*s + 3*o, -s + 0*o + 3*o = 5. Give u(s).
2
Let s(x) = -15*x**2 + 24*x + 1. Let u(r) = 7*r**2 - 11*r - 1. Let w(n) = -6*s(n) - 13*u(n). Determine w(-6).
-23
Let f(h) = -65*h + 643. Let s be f(10). Let z(r) = -r - 12. Calculate z(s).
-5
Let d(g) = -5*g**3 + 5*g**2 - 3*g - 15. Let z(v) = -13*v**3 + 10*v**2 - 5*v - 31. Let x(y) = 5*d(y) - 2*z(y). Calculate x(-5).
12
Let i(p) = -p**3 - 8*p**2 - 8*p + 2. Let x(b) = -b**3 - 8*b**2 + 11*b + 82. Let q be x(-8). Determine i(q).
-22
Let z(r) = -20*r**2 + 0*r - 13*r + 23 - r**3 + 6*r + 4*r + 5*r. Give z(-20).
-17
Let v(b) = b**3 - 6*b**2 - b + 5. Suppose -5*n + 2*n + 54 = 0. Let f = n + -6. Suppose r = 2*t + f, r = t + 14 - 5. Calculate v(r).
-1
Let a(u) = -u**2 - 12*u + 10. Let g be (-1)/((5/455)/(1/7)). Determine a(g).
-3
Let k = 122 + -124. Let v(i) = -i**3 - 6*i**2 - 4*i - 3. Give v(k).
-11
Let m(v) = -7*v**3 + 5*v**2 - 10*v - 9. Let l(q) = 6*q**3 - 5*q**2 + 9*q + 8. Let z(i) = -6*l(i) - 5*m(i). What is z(3)?
3
Let b(d) = 6*d**2 - 5*d - 1. Let y(l) = l**3 - 15*l**2 + 11*l + 3. Let o(m) = 5*b(m) + 2*y(m). Determine o(2).
11
Let q(i) be the third derivative of i**4/12 - 4*i**3/3 + 13*i**2 + 3. Determine q(8).
8
Let c = 1 + -1. Let x be 106*(1 + (-3)/6). Let i(n) = n**3 + 15*n + 20*n + 19*n - x*n. What is i(c)?
0
Suppose -4*q + 3*a = -8*q + 27, 0 = -5*q + 2*a + 5. Let m(b) be the second derivative of -2*b - 4*b**2 + 0 + 1/6*b**q. Give m(6).
-2
Let k(w) = -341 + 2*w**2 + 344 + 4*w - 8*w**2. Let d(v) = 31*v**2 - 21*v - 16. Let q(b) = -2*d(b) - 11*k(b). Let r = -4 + 3. What is q(r)?
5
Suppose 4*w - w = -4*z - 3, -2*w = -3*z + 2. Suppose 7*d - 3*d + 28 = z. Let k(c) = -c**2 - 6*c - 7. What is k(d)?
-14
Let z(h) = -4*h - 21. Suppose 4*u = -s + 6, -2*s + 3*u + 3 = -4*s. Determine z(s).
3
Let c = 16 + -13. Let n(u) = 3*u + 9 - u - c*u. Let o(h) = h**3 + 2*h**2 - 3*h. Let t be o(-3). What is n(t)?
9
Let l(w) = w**2 - 4*w - 8. Suppose 0*f + 7 = f. Let a(c) = 12*c**2 - 11*c**2 + c**3 - f*c**2 + 6 + 5*c. Let u be a(5). Determine l(u).
4
Let j(l) = -l. Let x(u) = -1. Let i(b) = -3*j(b) - 4*x(b). Let a(q) = 5*q + 6. Let y(d) = -d + 11. Let p be y(3). Let s(z) = p*i(z) - 5*a(z). What is s(5)?
-3
Let f(p) be the first derivative of 1/3*p**3 + 8 + 0*p + 5/2*p**2 + 1/24*p**4. Let j(s) be the second derivative of f(s). Give j(-3).
-1
Let d(l) = l**2. Suppose 30 = 12*w - 30. Let a(g) = 9*g**2 + g. Let n(o) = w*d(o) - a(o). Suppose -2*c - 6 = -2. Give n(c).
-14
Let k(l) = -9*l + 0*l + 11 + 6*l + 10*l**2 - l**3. Give k(10).
-19
Let f(q) be the third derivative of -q**5/60 - 13*q**4/24 + q**3/6 + 54*q**2. Determine f(-10).
31
Let g(w) = -3*w - 6. Let f(l) be the third derivative of l**4/8 + 5*l**3/6 - 56*l**2. Let p(i) = 4*f(i) + 3*g(i). What is p(-5)?
-13
Let h(z) = 2*z + 3. Suppose 7*v - 4*l - 108 = 2*v, -5*l + 87 = 3*v. Suppose 3*n - 1 = -2*w - 16, -3*w - v = 5*n. Determine h(n).
-3
Let s(n) = 10 + 13*n - n**2 + 3*n - 15 + 4. Give s(14).
27
Let c = -25 - -31. Suppose 5*a + 4*k - 10 = 3*k, -2*k - 2 = -a. Let s(x) = 3*x + 0*x**2 + 4*x**3 - 5*x**3 - 4*x**a + c*x**2. Calculate s(3).
0
Let y(r) = r**2 - 6*r + 7. Suppose 7*s - 92 = 13. Let a be ((-63)/s + 5)/(2/15). What is y(a)?
7
Let g = -413 - -405. Let m(o) be the first derivative of -o**3/3 - 9*o**2/2 - 7*o - 10. Give m(g).
1
Let o(g) be the third derivative of 7*g**5/60 - g**4/8 - g**3/6 - 79*g**2 + 3*g. Determine o(-1).
9
Let f(i) = 2 + 2 - 23*i**2 + 24*i**2. Let t(k) = k - 4. Let j(y) = -2*f(y) - 3*t(y). Let d = -5 + 2. Determine